 units digit of b?
4
Let g(y) = y**2 - y - 1. Let t be g(1). Let m(u) = 17*u**2. What is the tens digit of m(t)?
1
Let p(g) = -g**2 - 8*g - 3. Let o be p(-7). Suppose 0 = f + o*f - 225. What is the tens digit of f?
4
Suppose 0 = 2*g - 286 + 54. What is the units digit of g?
6
Suppose -2*h + 259 = 5*h. What is the units digit of h?
7
Let z(x) = x + 1. Let p be z(1). Suppose -q - 2*t - p = -5, -q = t - 2. What is the units digit of q?
1
Let a = -8 + 31. What is the tens digit of a?
2
Suppose -4*h + 3*h + 60 = -4*m, 5*h + 3*m - 392 = 0. What is the units digit of h?
6
Let t(h) = h**2 - 4*h. Let a be t(6). Suppose d - 4 = 5*k + 2*d, 0 = -3*d - a. Suppose -j + k*j + 6 = 0. What is the units digit of j?
6
Suppose -7*k + 30 = -4*k. Let a(j) = -j**3 + 9*j**2 + 12*j - 9. What is the tens digit of a(k)?
1
Let i = 252 - 132. What is the hundreds digit of i?
1
Let p be 9/2*12/18. Suppose -2*a + 42 = 2*n, -6*a + a = -p*n - 137. What is the units digit of a?
5
Let x = -8 - -11. Let b(r) = -r**3 + r**2 + r + 1. Let h be b(0). Let w = h + x. What is the units digit of w?
4
Let n = -13 - -38. What is the units digit of n?
5
Let j be (-19)/((0 - -1)*-1). Suppose -5*d = -4 + j. What is the tens digit of 94/6 - (-2)/d?
1
Suppose 2*i = -2*i + 8. Suppose -21 = t - i*t. What is the units digit of t?
1
Let c(w) be the second derivative of -w**5/20 + 2*w**4/3 - 7*w**3/6 + 2*w**2 + 2*w. Let h be c(7). Let g = h - -1. What is the units digit of g?
5
Let g(s) = s**2 - 4*s - 1. Let x be g(5). Suppose -x*l + 5*q + 12 = q, 3*l + 3 = -3*q. What is the units digit of l?
1
Suppose 4*a - 117 = 95. Let b = a - 35. What is the units digit of b?
8
Let b = 9 + -5. Let f be -10 + 10 + -1 + 1. Let t = b + f. What is the units digit of t?
4
Let h(i) = i - 1. Let u be h(0). What is the units digit of (41/u)/(1/(-1))?
1
Suppose 0 = 9*g - 1374 + 294. What is the units digit of g?
0
Let v be (-4)/(-6) - 14/21. Suppose v*h - 20 = 4*h, 0 = -2*c + 5*h + 61. What is the tens digit of c?
1
Suppose n - 203 = -0*n. Suppose 5*y - n = -78. What is the units digit of y?
5
Let k(j) = 2*j**2 - 5. Let t be 32/12*(-9)/6. What is the tens digit of k(t)?
2
Let v(m) = m**3 - 4*m**2 + 8*m - 4. What is the units digit of v(4)?
8
Let l(w) = 58*w**3 - 2*w**2 + 1. What is the units digit of l(1)?
7
What is the tens digit of (20/6)/((-4)/(-18))?
1
Suppose 15*f = 7*f + 952. What is the tens digit of f?
1
Suppose 3080 = 24*t - 4*t. What is the hundreds digit of t?
1
Suppose 0 = y - 4*d - 19, -y + 3*d = -15 - 0. Suppose 3 = -y*s - 6. What is the units digit of 14/s*(-12)/8?
7
Let m = 6 + -10. Let w be 3/4 - 81/m. Let f = w + -15. What is the units digit of f?
6
Let u = 0 + 8. Suppose 0*k = k - u. What is the units digit of k?
8
Suppose -2*j = j - 3, -4*h - 3*j = -155. What is the tens digit of h?
3
Suppose -3*u - 8 + 20 = 0. What is the units digit of u?
4
Let p(x) = 2*x - 9. Let o be p(6). Let d = -1 + o. Suppose -t + d + 4 = 3*c, -t + 6 = -2*c. What is the units digit of t?
6
Let w(o) = 3*o - 3. Suppose 5*t = -y - y + 28, 0 = -4*t - 5*y + 19. What is the units digit of w(t)?
5
Let f(b) = 2*b**3 - 8*b**2 - 11*b + 5. Let x be f(5). Suppose 2*u + 26 = 3*c + 6, -20 = 5*u. Suppose v - 14 + c = x. What is the tens digit of v?
1
Suppose 2*z = 4*o - 0*z, 0 = o + 2*z. What is the tens digit of 2 + o - (-14 + -5)?
2
What is the tens digit of -24*((-6)/(-9))/(8/(-52))?
0
Let f = 15 - 11. Let n(d) = -d**3 + 4*d**2 + 2*d - 5. What is the units digit of n(f)?
3
What is the units digit of (-5 + 2)*-10*4/24?
5
Suppose -11*a - 2*a + 1898 = 0. What is the tens digit of a?
4
Let o(v) = v + 35. Let z be o(0). Suppose 2*x + 8 = 5*y - z, -4*x = 2*y - 22. What is the units digit of y?
9
Let v(h) = -h**3 + 14*h**2 + 7*h + 19. What is the hundreds digit of v(14)?
1
What is the tens digit of 229/7 - (-10)/35?
3
Let c(w) = 30*w**2 - 3*w - 3. What is the tens digit of c(-2)?
2
Suppose -2*c = -6 - 0. Suppose 0 = -u + c - 0. What is the units digit of u?
3
Let w = -5 + 11. Let v be 32/w*(4 - 1). Let n = -9 + v. What is the units digit of n?
7
Let v be (-2 + 0)/2 - -782. Let z = -517 + v. What is the tens digit of (-4)/(-18) + z/27?
1
Let r = -62 + 147. What is the tens digit of r?
8
Suppose -3*h - 2*h - 3*c = -16, -4*h - 2*c = -14. Suppose -5*s + 42 = -3*u, -h*s = -u - 2*s - 18. What is the units digit of (u/(-2))/(2/4)?
9
Suppose -2*t + 0*t + 66 = 0. What is the units digit of t?
3
Let d = 26 - 14. Suppose 2*z = z + d. What is the units digit of z?
2
Let t(o) = -o**3 - 2*o**2 + 2*o. Let n be t(-3). Suppose -5 = -2*h + 7. Let l = h - n. What is the units digit of l?
3
Suppose -3*t - 3*i + 79 = -2*t, -3*i - 167 = -2*t. What is the tens digit of t?
8
Let a(l) = -3*l + 286. What is the units digit of a(0)?
6
Let t(h) = 2*h - 8. Let j be t(6). Suppose -j*n + n = 6. What is the tens digit of -1 + (n - -1)*-11?
1
Let t(k) = -k**2 - 19*k + 14. What is the tens digit of t(-16)?
6
Suppose -10 = 3*v - 43. What is the units digit of v?
1
Suppose 3 = -4*x - z - 2, 5*z + 25 = 2*x. Suppose 0 = 4*g + 3*w - 36 + 1, 5*w - 25 = x. What is the units digit of g?
5
What is the tens digit of -5*((-148)/10)/2?
3
Let o be (1/3)/((-1)/(-21)). Suppose -105 = 2*g - o*g. Let u = g - 13. What is the units digit of u?
8
Let o = -5 - -10. Suppose -l + 47 = 4*z, 4*z + o*l - 74 = -31. What is the units digit of z?
2
Suppose -403 = 12*l - 1435. What is the units digit of l?
6
Let r be (-35)/(-2) + 1/2. Suppose 0*c - 4*c = -5*p - r, -16 = -4*c + 4*p. Suppose -5*u - 18 = -4*l, c*l - 2*u = 6*l - 32. What is the units digit of l?
7
Suppose 4*q = 5*u + 21, 2*u + 2 = -5*q - 13. Let p be (q/(-2))/(2/20). Suppose -p*l - 1 + 31 = 0. What is the units digit of l?
6
Suppose -3*x - 5*c = 10, -2*x + c + 2 = -x. Suppose x = r + 2. What is the units digit of 15/2*r/(-3)?
5
What is the tens digit of 13 - 2*6/(-4)?
1
Let b(k) = k**2 - 2*k + 6. Let n be b(4). Let v = n + -6. What is the units digit of v?
8
Suppose 3*a = -f + 6, -3*a - a + 5*f + 8 = 0. Suppose -a*o + 0*o = -5*r - 40, 5*o + 3*r = 162. What is the units digit of o?
0
Suppose 395 = 6*p - p. What is the units digit of p?
9
Suppose 0 = 4*u - 16 - 44. What is the tens digit of u?
1
Let h(g) = 5*g**2 + 4*g - 6. Let y be h(5). Suppose 3*t = 4*m + 85, 5*t - 2*m = 2*m + y. What is the tens digit of t?
2
Let i(b) = 6*b + 1. Let j be i(1). Let p(r) = r**3 - 7*r**2 + 7. What is the units digit of p(j)?
7
Let f = 6 - 6. Suppose 0 = 3*h - 3 - f. What is the units digit of h?
1
Suppose 0 = -3*r + 3*t + 162, -3*r + 194 - 38 = 3*t. What is the units digit of r?
3
Suppose -2*f + 0*i - 4*i + 26 = 0, -2*f + 16 = -i. What is the units digit of f?
9
Let n(t) be the second derivative of 0 - 5/6*t**3 + 1/12*t**4 + 1/2*t**2 + 3*t. What is the tens digit of n(7)?
1
Suppose 4*a - 15 = -s - 0*s, -5*s = 5*a - 30. Suppose 5*h - s*j - 134 = 104, -4*h = 3*j - 212. What is the tens digit of h?
5
Let g be 0*(21/(-6))/7. Suppose -3*s - 3 = -3*h - g, -4 = -s - 4*h. Suppose s = 5*t - t - 12. What is the units digit of t?
3
Let y(z) = 0*z - 4*z + 2*z + z. Let n be y(0). Suppose -2*l - 8 = n, 2*l = -5*o + 4 + 13. What is the units digit of o?
5
Let y = -82 - -369. What is the hundreds digit of y?
2
Let g(h) = -h**2 - h + 1. Let k(w) = w**2 + 2*w + 10. Let b(r) = 2*g(r) + k(r). Let a be b(0). What is the units digit of (-1 + a)/(1 - 0)?
1
Let w(o) be the third derivative of o**4/8 - o**3/2 + o**2. Suppose -c - 5 = -10. What is the units digit of w(c)?
2
Let g = 8 + -11. Let u(q) = -q**2 - 5*q - 2. Let y be u(g). Suppose 4*x = 2*x + y, -5*x - 10 = -4*m. What is the units digit of m?
5
Let f(d) = 2*d**2 - 2*d + 8. What is the tens digit of f(7)?
9
Let t be -1*0/(-2 + 0). Suppose 4*s - 4*z = t, -z = -2*s - 2*z + 9. Suppose -s*l = -l - 4. What is the units digit of l?
2
Suppose -g - 2*z = 3, -46 = -3*g - 0*g + 5*z. Suppose -4*a + g*a = 6. What is the units digit of (-52)/(-8) + a/4?
7
Suppose 8*a = 4*a + 20. Let y be ((-104)/10)/(2/(-10)). Suppose y = a*c + 12. What is the units digit of c?
8
Let w be 172/8 - (-1)/(-2). Suppose 0 = 2*b - v - 39, b - w = 2*v - 0*v. What is the tens digit of b?
1
Let a(r) = -23*r. Let p be a(1). What is the tens digit of 0 + 3 - 1 - p?
2
What is the units digit of (-4128)/(-108) - 2/9?
8
Let f(d) = -d**3 + 7*d**2 - 5*d - 7. Suppose -4